 number?
False
Is 753887 composite?
True
Is 13205069 composite?
False
Is 3377873 a prime number?
True
Is 17584559 prime?
True
Is 21974543 a prime number?
True
Is 106651949 composite?
True
Is 49418 prime?
False
Is 36121459 prime?
False
Is 631317017 a composite number?
False
Is 23228329 composite?
True
Is 232642373 a composite number?
True
Is 56121257 a composite number?
True
Is 30001201 composite?
False
Is 47762521 a composite number?
False
Is 12164759 composite?
False
Is 8869433 composite?
True
Is 439311617 composite?
False
Is 8260181 a prime number?
False
Is 43314941 composite?
True
Is 7375349 a prime number?
True
Is 399242 prime?
False
Is 46813477 prime?
True
Is 55395521 composite?
False
Is 151849483 prime?
True
Is 10466143 a prime number?
True
Is 6229787 prime?
False
Is 192992207 composite?
True
Is 881591 composite?
False
Is 17072339 a composite number?
False
Is 106852493 prime?
False
Is 18943879 a prime number?
True
Is 140479961 a composite number?
True
Is 41626129 a composite number?
False
Is 139001497 composite?
False
Is 2805461 a prime number?
True
Is 48661553 composite?
False
Is 285179 composite?
False
Is 32797682 a composite number?
True
Is 233552065 prime?
False
Is 3613507 composite?
True
Is 21240529 a composite number?
False
Is 278191 a prime number?
True
Is 16145623 prime?
False
Is 174363869 a prime number?
False
Is 22440347 composite?
False
Is 55814555 composite?
True
Is 42853477 prime?
True
Is 4035649 composite?
True
Is 18285977 a composite number?
True
Is 58417793 a prime number?
False
Is 5451191 a composite number?
True
Is 16189571 a prime number?
True
Is 35603797 composite?
True
Is 2403361 composite?
False
Is 1407361 a prime number?
True
Is 5411339 composite?
True
Is 9270853 a composite number?
False
Is 10857421 composite?
True
Is 2324227 prime?
False
Is 423457 a prime number?
True
Is 1144103 a prime number?
True
Is 64226362 a composite number?
True
Is 4808117 a prime number?
False
Is 46152871 a prime number?
False
Is 213219397 a prime number?
False
Is 5598787 composite?
True
Is 2165741 prime?
True
Is 8515777 prime?
False
Is 155604061 a prime number?
False
Is 5754859 a prime number?
False
Is 135725309 prime?
True
Is 200601809 a composite number?
False
Is 1980859 composite?
False
Is 82856771 a prime number?
True
Is 4146917 prime?
True
Is 3511031 a prime number?
False
Is 3197081 a prime number?
False
Is 1752423 prime?
False
Is 973717707 a composite number?
True
Is 7338637 composite?
True
Is 413302441 prime?
True
Is 100149281 a composite number?
True
Is 132049531 a composite number?
False
Is 21437021 prime?
True
Is 19667221 prime?
False
Is 171376661 a prime number?
True
Is 3362207 a prime number?
True
Is 66946027 composite?
False
Is 35935421 a composite number?
False
Is 21719419 a prime number?
True
Is 290440729 prime?
False
Is 17728147 a composite number?
True
Is 2160461 composite?
False
Is 1253759 composite?
True
Is 8530387 prime?
False
Is 12110263 composite?
True
Is 155303411 a composite number?
False
Is 43261 prime?
True
Is 1227347 a prime number?
False
Is 10705763 a composite number?
False
Is 367301261 a prime number?
True
Is 33048329 composite?
True
Is 2306557 prime?
False
Is 15665009 a prime number?
True
Is 1071493 prime?
False
Is 410260295 a composite number?
True
Is 294103 a prime number?
True
Is 530380558 a composite number?
True
Is 1351301 composite?
True
Is 87902443 a prime number?
True
Is 4100453 a prime number?
False
Is 6733059 composite?
True
Is 468227 prime?
False
Is 9803851 a composite number?
True
Is 33991499 a prime number?
True
Is 45849801 a composite number?
True
Is 2821535 a composite number?
True
Is 9764393 a prime number?
True
Is 5990977 a prime number?
True
Is 29839153 composite?
True
Is 343404739 a prime number?
True
Is 5953495 a composite number?
True
Is 3124057 prime?
True
Is 5858903 a composite number?
True
Is 238397 a prime number?
True
Is 490829251 a prime number?
False
Is 3864233 a composite number?
False
Is 1519915 a prime number?
False
Is 2489287 a prime number?
True
Is 3535733 a composite number?
False
Is 143219029 prime?
True
Is 313013515 composite?
True
Is 2556587 composite?
True
Is 4848769 composite?
True
Is 19922995 prime?
False
Is 4826981 a composite number?
True
Is 11266621 a prime number?
False
Is 4464719 prime?
False
Is 94879067 composite?
False
Is 11267621 a composite number?
False
Is 1192699 a prime number?
True
Is 954418 a composite number?
True
Is 41115109 a composite number?
True
Is 5298857 composite?
True
Is 14248301 a prime number?
True
Is 693479417 prime?
False
Is 142697 composite?
False
Is 1649033 composite?
True
Is 59467 prime?
True
Is 76620353 a composite number?
False
Is 82328599 a composite number?
False
Is 44207 prime?
True
Is 3780461 a prime number?
False
Is 579587 a prime number?
True
Is 12857057 prime?
True
Is 280607933 a composite number?
True
Is 507641 a composite number?
False
Is 48192787 prime?
True
Is 18740149 a composite number?
False
Is 3535341 prime?
False
Is 3644219 a prime number?
False
Is 1141433 a prime number?
False
Is 15151577 composite?
True
Is 2206283 prime?
True
Is 69831011 a composite number?
True
Is 4207757 a composite number?
True
Is 6150457 prime?
True
Is 140895857 prime?
True
Is 2797127 composite?
True
Is 159983797 prime?
True
Is 113132207 a composite number?
False
Is 14666447 composite?
False
Is 29154794 composite?
True
Is 8508491 prime?
True
Is 76030901 prime?
False
Is 18636913 composite?
True
Is 19933687 prime?
False
Is 22920277 composite?
False
Is 473119743 a prime number?
False
Is 60248603 a prime number?
False
Is 175453 prime?
True
Is 38297603 a composite number?
True
Is 24348923 composite?
True
Is 31734289 a composite number?
False
Is 21826577 prime?
True
Is 7993493 prime?
True
Is 11974927 prime?
False
Is 49780843 a prime number?
False
Is 38918093 prime?
False
Is 132147317 a prime number?
True
Is 7416499 prime?
True
Is 33337429 composite?
True
Is 33128021 composite?
True
Is 1354489 a prime number?
False
Is 1966219 a prime number?
True
Is 72345583 prime?
False
Is 8444207 a composite number?
False
Is 17571731 composite?
True
Is 202183105 composite?
True
Is 7009757 prime?
True
Is 8921569 composite?
False
Is 2072827 a prime number?
False
Is 1167173 composite?
True
Is 115897 a prime number?
False
Is 81881491 composite?
True
Is 167951 composite?
True
Is 842729 a composite number?
False
Is 68732069 prime?
False
Is 21862019 composite?
True
Is 2006687 composite?
True
Is 4531931 a composite number?
False
Is 18379679 composite?
True
Is 107087 prime?
False
Is 30548509 prime?
True
Is 877027 prime?
True
Is 198762551 composite?
True
Is 178103491 a composite number?
False
Is 24857623 composite?
True
Is 1419151 a composite number?
True
Is 1936871 prime?
True
Is 5172889 prime?
True
Is 16079293 a composite number?
False
Is 8275921 prime?
False
Is 67293593 a composite number?
False
Is 5096437 composite?
False
Is 17883367 a prime number?
True
Is 852347 prime?
True
Is 78127901 composite?
False
Is 2005695167 prime?
False
Is 2367943 a prime number?
False
Is 152273633 a composite number?
True
Is 59349047 prime?
True
Is 984332431 composite?
False
Is 3633673 a composite number?
False
Is 439949 composite?
False
Is 770138869 composite?
False
Is 34962757 a composite number?
False
Is 105186577 composite?
False
Is 211102079 composite?
False
Is 57237881 prime?
True
Is 17035454 a composite number?
True
Is 1188283 a composite number?
True
Is 30638681 a prime number?
True
Is 40825487 a prime number?
True
Is 50849105 composite?
True
Is 2410801 a prime number?
False
Is 62099083 a prime number?
False
Is 1795753 a composite number?
True
Is 237418997 prime?
True
Is 283387 a composite number?
True
Is 28790761 composite?
True
Is 45654223 composite?
True
Is 69703577 prime?
True
Is 6507199 a prime number?
True
Is 845856643 composite?
True
Is 14035961 composite?
False
Is 7657957 a composite number?
True
Is 81580211 composite?
False
Is 3798251 composite?
False
Is 402302809 composite?
True
Is 286623019 prime?
False
Is 222129953 a prime number?
False
Is 12757049 prime?
True
Is 1442429 prime?
True
Is 22350803 a prime number?
False
Is 355409 prime?
False
Is 2755474 prime?
False
Is 17955713 prime?
True
Is 27440137 composite?
False
Is 6884639 prime?
True
Is 118274809 composite?
True
Is 684